ue
Does 121 divide 7287184790?
False
Is 58 a factor of 281729823?
False
Is 9 a factor of 163545642?
True
Does 9 divide 15433286?
False
Is 2282 a factor of 669941641?
False
Is 95605416 a multiple of 204?
True
Is 13 a factor of 64769796?
True
Does 82 divide 802978112?
True
Does 4 divide 374903789?
False
Does 38 divide 28761371?
False
Is 665 a factor of 63386470?
True
Is 2378662409 a multiple of 319?
False
Does 72 divide 71272440?
True
Is 66 a factor of 781376524?
False
Does 11 divide 179045460?
True
Is 42 a factor of 94254510?
True
Is 19 a factor of 99164351?
False
Does 3830 divide 726815270?
True
Is 15 a factor of 1096320?
True
Is 505 a factor of 21657430?
True
Does 2507 divide 29457250?
True
Is 508998534 a multiple of 66?
True
Does 16 divide 138674304?
True
Does 510 divide 1546034?
False
Is 34846502 a multiple of 1053?
False
Does 19 divide 412942665?
False
Is 3641 a factor of 374371261?
True
Is 240 a factor of 269806080?
True
Is 88 a factor of 107762647?
False
Is 171273958 a multiple of 8?
False
Is 20 a factor of 281813650?
False
Is 4790070 a multiple of 27?
True
Is 34 a factor of 245623499?
False
Is 16309832 a multiple of 385?
False
Is 1271 a factor of 1023498170?
True
Is 82 a factor of 653540?
True
Does 9 divide 431461773?
True
Is 3 a factor of 949040287?
False
Does 19 divide 1108392983?
False
Is 3018146340 a multiple of 17?
True
Is 5 a factor of 205166187?
False
Is 4509754 a multiple of 17?
False
Is 11862228 a multiple of 14?
True
Does 94 divide 6891234?
True
Is 515210535 a multiple of 8105?
True
Does 175 divide 31310300?
True
Does 27 divide 206118?
True
Is 4945 a factor of 151064805?
True
Is 503453808 a multiple of 13?
True
Does 2385 divide 61964685?
True
Is 170164867 a multiple of 156?
False
Is 62 a factor of 35554334?
True
Is 5634717981 a multiple of 621?
False
Is 9 a factor of 122655741?
False
Is 1147455855 a multiple of 1085?
True
Does 1835 divide 1394477594?
False
Does 302 divide 8717230?
True
Does 288 divide 64659744?
True
Is 14 a factor of 3188977524?
False
Does 2307 divide 1067568864?
True
Is 21 a factor of 339153403?
False
Is 517602 a multiple of 14?
False
Is 183 a factor of 196012764?
True
Is 25183094 a multiple of 36?
False
Is 27942809 a multiple of 786?
False
Does 1959 divide 3240385818?
True
Is 48296922 a multiple of 37?
False
Does 5423 divide 14501102?
True
Does 55 divide 46909445?
True
Does 115 divide 41444045?
True
Does 14 divide 79872016?
True
Is 684 a factor of 454131540?
True
Is 219954790 a multiple of 11?
True
Does 43 divide 913781936?
False
Does 12 divide 36401360?
False
Is 1882 a factor of 9701710?
True
Is 8256 a factor of 1689260160?
True
Is 83668968 a multiple of 34?
True
Is 26 a factor of 84185712?
True
Is 231274350 a multiple of 6783?
False
Is 61582541 a multiple of 1435?
False
Does 4156 divide 1485897359?
False
Is 44 a factor of 3642839244?
True
Is 77079175 a multiple of 155?
True
Is 11 a factor of 1196390675?
False
Does 628 divide 627167850?
False
Is 16 a factor of 4496307104?
True
Is 11 a factor of 747579426?
True
Is 47 a factor of 130217730?
True
Does 157 divide 59882756?
False
Is 8 a factor of 223334004?
False
Is 58690424 a multiple of 1489?
True
Is 2296671090 a multiple of 15?
True
Is 242393180 a multiple of 30?
False
Does 5 divide 1314705326?
False
Does 24 divide 48858576?
True
Does 15 divide 1146717975?
True
Is 13756115 a multiple of 205?
True
Does 7 divide 99860117?
True
Is 314 a factor of 186896975?
False
Is 256 a factor of 12025391?
False
Is 367 a factor of 61505541?
False
Is 560903506 a multiple of 125?
False
Is 74416439 a multiple of 1654?
False
Is 615 a factor of 173400480?
True
Is 391399320 a multiple of 40?
True
Is 12 a factor of 2132104092?
True
Is 22 a factor of 245851517?
False
Does 15 divide 91001955?
True
Is 90 a factor of 55334250?
True
Is 26842992 a multiple of 264?
True
Is 287308309 a multiple of 16?
False
Is 970333273 a multiple of 50?
False
Is 8453 a factor of 69297694?
True
Does 213 divide 208072245?
True
Is 18 a factor of 321355530?
True
Does 646 divide 987926305?
False
Does 142 divide 58636344?
True
Is 14 a factor of 10741244?
False
Is 14214145 a multiple of 1041?
False
Is 76754558 a multiple of 1396?
False
Is 1164761712 a multiple of 2736?
True
Is 694757336 a multiple of 8138?
True
Is 91051188 a multiple of 109?
True
Is 68 a factor of 339505912?
True
Does 5 divide 8345090?
True
Is 81 a factor of 193884192?
True
Is 46317999 a multiple of 1263?
True
Is 6 a factor of 16630104?
True
Is 219669916 a multiple of 29?
False
Does 435 divide 11655539?
False
Is 69121899 a multiple of 147?
True
Is 860664570 a multiple of 412?
False
Does 7 divide 2028849399?
False
Is 38268862 a multiple of 106?
True
Does 2291 divide 1149545892?
False
Is 8638399 a multiple of 486?
False
Does 14 divide 5915511?
False
Is 23 a factor of 96391340?
False
Is 7645310 a multiple of 74?
True
Does 1060 divide 176251388?
False
Is 9542417 a multiple of 38?
False
Does 35 divide 31028184?
False
Is 406 a factor of 18722232?
False
Is 15967051 a multiple of 311?
True
Does 324 divide 25788780?
True
Is 13 a factor of 2349230?
True
Is 16 a factor of 2799750?
False
Is 49121050 a multiple of 1333?
True
Is 509 a factor of 131633153?
False
Does 567 divide 423554?
False
Does 33 divide 1619744181?
True
Is 938224742 a multiple of 13?
True
Does 19 divide 5624722?
True
Is 475537836 a multiple of 213?
True
Is 22 a factor of 405199938?
True
Is 45510548 a multiple of 277?
False
Does 41 divide 390610?
False
Does 116 divide 39086432?
True
Does 122 divide 147675202?
False
Does 129 divide 195096476?
False
Does 80 divide 14758679?
False
Is 34364072 a multiple of 986?
True
Does 3019 divide 3269096979?
True
Does 27 divide 22836438?
True
Is 265 a factor of 1776302662?
False
Is 1442960903 a multiple of 14?
False
Does 137 divide 1183449429?
True
Is 26 a factor of 20911410?
True
Is 14200680 a multiple of 12?
True
Is 128 a factor of 4593792?
True
Is 3918035 a multiple of 27?
False
Does 262 divide 3416218?
True
Is 26 a factor of 6252662?
True
Is 135231243 a multiple of 41?
True
Is 3838 a factor of 3478227925?
False
Is 265 a factor of 14774628?
False
Is 4484281 a multiple of 10?
False
Does 1251 divide 8887516?
False
Is 59 a factor of 7944786?
False
Is 4957 a factor of 2017471105?
False
Does 720 divide 33812732?
False
Is 235207562 a multiple of 64?
False
Is 2642 a factor of 252230296?
False
Is 1423 a factor of 327974463?
True
Is 480438000 a multiple of 4725?
True
Is 572560632 a multiple of 72?
True
Does 10 divide 799848027?
False
Is 214 a factor of 159331774?
True
Does 7 divide 8841581?
True
Does 487 divide 7370067?
False
Is 872788826 a multiple of 1318?
True
Is 39128464 a multiple of 824?
True
Is 14056743 a multiple of 259?
False
Is 276 a factor of 88813488?
True
Does 52 divide 496319278?
False
Is 24597810 a multiple of 46?
True
Does 1904 divide 925513456?
True
Is 70842152 a multiple of 548?
True
Does 63 divide 1582690379?
False
Does 2156 divide 83963264?
True
Is 135 a factor of 215365883?
False
Is 2772 a factor of 1137562002?
False
Is 30283653 a multiple of 181?
True
Is 578 a factor of 697999736?
True
Is 196 a factor of 23647792?
True
Is 14 a factor of 2296378949?
False
Is 206647720 a multiple of 47?
True
Is 15 a factor of 5061795?
True
Is 238993623 even?
False
Is 148 a factor of 563917148?
True
Is 292195568 a multiple of 2012?
False
Is 5 a factor of 10949918?
False
Is 36 a factor of 1261815876?
True
Is 2074 a factor of 118068975?
False
Is 47 a factor of 121002957?
True
Does 1907 divide 512483366?
True
Is 678585558 a multiple of 13?
False
Is 3122 a factor of 582293586?
True
Does 156 divide 25680408?
True
Does 1022 divide 134427748?
True
Is 9448920 a multiple of 104?
True
Does 3616 divide 1227348962?
False
Does 311 divide 43065103?
True
Does 1830 divide 139522284?
False
Does 154 divide 37753254?
True
Does 2180 divide 935065220?
True
Does 26 divide 124578464?
False
Is 44010540 a multiple of 14?
True
Is 765 a factor of 763553385?
True
Does 156 divide 339917386?
False
Is 4 a factor of 5739226?
False
Is 319 a factor of 196577689?
True
Does 109 divide 1321510963?
False
Is 677 a factor of 12339679?
True
Does 252 divide 28958201?
False
Is 223817825 a multiple of 385?
True
Does 5 divide 9727215?
True
Does 30 divide 7322190?
True
Does 435 divide 12219183?
False
Doe